 o = 13 - 11. What is the tens digit of (o - 0)*81/6?
2
Let a = 218 + -24. What is the hundreds digit of a?
1
Let h(w) = -13*w**2 + 3*w. Let s be h(-1). Let r = s - -109. What is the tens digit of r?
9
Suppose 20 = d - 5*p, d + 2*p + 8 = -3*d. Suppose -6 = -i - 3*b + 3, d = 5*i + 2*b - 58. Let o = 14 - i. What is the units digit of o?
2
Let y = 457 - 19. What is the tens digit of y?
3
Let m(a) = 10*a - 5. Let l be m(11). Suppose -6*b + 3*b - l = 0. Let j = -11 - b. What is the tens digit of j?
2
Suppose -j + 175 = -3. Let o = j + -107. What is the units digit of o?
1
Let r(l) = -l**3 + 12*l**2 - 11*l + 9. What is the units digit of r(11)?
9
Suppose 79*q = 71*q + 22752. What is the thousands digit of q?
2
Let s = -26 + 26. What is the units digit of ((-1287)/22)/((-1)/2 - s)?
7
Let x(h) = h**2 - 5*h + 7. What is the units digit of x(-4)?
3
Suppose 0 = -4*o + 4*m - 2*m - 6, 0 = -3*o + 4*m - 7. Let c be (o/3)/(1/(-3)). What is the tens digit of (-2 + 3)/(c/23)?
2
Suppose c - 6*c = -10. Suppose 4 = -2*i - c*n, -5*i + 4*n = -33 - 2. What is the units digit of i?
3
Suppose l = 0, 2*q - 3*q - 3*l = 3. Let i be (-1)/(-2)*(-18)/3. What is the units digit of (q + -6)/(i/2)?
6
Let b(i) = -i**3 - i**2 - i - 2. Let p be b(2). Let y be (-10)/(-6) - p/(-24). Let l(m) = 49*m**3 - 2*m**2 + m. What is the tens digit of l(y)?
4
Suppose -2*g + 4 = 0, -6 - 1 = w - 5*g. Suppose -w = c - 5. Suppose -3*m + m + c = 0. What is the units digit of m?
1
Suppose 3*h = -7*h + 40. Suppose -h*s = -4*b + 456, -2*s + 5*s = -2*b + 228. What is the hundreds digit of b?
1
Let k be (-7 - (-4 + 3))/2. Let c be (-1)/(4/(-724)) - k. Suppose -3*g = -7*g + c. What is the tens digit of g?
4
Let o = 324 + -221. What is the hundreds digit of o?
1
Let d = 55 - -710. Suppose 0 = 2*h - 2*q - 436 + 118, -5*q = 5*h - d. What is the hundreds digit of h?
1
Let m(c) = c**2 + 8*c - 14. Let x(w) = -7*w + 1. Let y be x(3). Let t = -32 - y. What is the units digit of m(t)?
4
Let t(i) = -9*i**3 + 2*i**2 + 4*i - 60. What is the units digit of t(-6)?
2
Let o(h) = -6*h + 15. Let r be o(-8). Let p = r + -29. What is the units digit of p?
4
Let w be 3/(-2)*(-60)/6. Suppose -w = s + 4*s. What is the units digit of ((-12)/9)/(s/9)?
4
Let c be ((-50)/2)/(-5) - 5. Let d(i) be the third derivative of -i**5/60 + i**4/24 + i**3/6 + 2*i**2. What is the units digit of d(c)?
1
Let x(v) = 2*v**2 + 14*v + 58. What is the units digit of x(-8)?
4
Suppose -4*n + 4*d - 17 = -57, 4*n + 5*d = 85. Suppose -2*s = s - n. Suppose -s*b + 56 - 16 = -5*r, 11 = 2*b - r. What is the units digit of b?
3
Let x(s) = s**2 - 7*s + 10. Let p be x(4). Let g = p - -6. What is the tens digit of (3 + -1)/(g/22)?
1
Let j be (-8)/(-6) + 2/3. Suppose -2*a + 16 = j*a, -y - 2*a + 11 = 0. What is the tens digit of 113/6 + y/18?
1
What is the units digit of (-65)/78*(-12 - -6)?
5
Let i(m) = -2*m**3 - 21*m**2 - 8*m + 14. Let o be i(-10). Let g(w) = -3*w + 2 - 8*w + 2. What is the units digit of g(o)?
0
Let d = -53 - -14. Let x be (61/2)/(5 + (-77)/14). Let q = d - x. What is the tens digit of q?
2
Let r be 1*((-12)/(-42) - 2/7). Suppose 0*u - 5*u + 430 = r. What is the units digit of u?
6
Let k = 31 - 27. Suppose 0 = -k*w - 2*v + 404, 2*w - w - 91 = -3*v. What is the tens digit of w?
0
Suppose -5*g - 3*y - 13 = -4*y, 3 = y. Let m(x) = -5*x**3 + 3*x**2 + 3*x + 1. What is the units digit of m(g)?
7
Let v(g) = -54*g + 202. What is the tens digit of v(-34)?
3
Let w be 324/10 - (-2)/(-5). Let t be -10 - ((-4 - -5) + -3). Let s = t + w. What is the tens digit of s?
2
Let y be -12*(3 + (-2 - 0)). Let t(s) be the first derivative of -5*s**2/2 - 15*s + 1. What is the units digit of t(y)?
5
Let n(p) = -p**2 + 13*p - 10. Let u be n(12). Suppose 2*w = -u*s + 12, 0*s + 5*w = -s + 22. Suppose -s*c + c = -35. What is the units digit of c?
5
What is the hundreds digit of 2 - (4 - 13475/5)?
6
Let n = -167 + 433. What is the tens digit of n?
6
Let b = -553 - -367. What is the hundreds digit of (-112)/(-6)*b/(-31)?
1
Let y(j) be the first derivative of j**4/2 - j**3 + j**2 + 1. Let k be 3 + 2 + 6/(-2). What is the units digit of y(k)?
8
Let q(v) = -17*v + 230. What is the tens digit of q(0)?
3
Suppose 0 = -y + 5*g - 8 + 29, 0 = y - 2*g - 12. Suppose i - y = -i. Suppose -39 = -i*v + 12. What is the units digit of v?
7
Let a(t) = -29*t + 6. Suppose 6*b + 12 = 4*b. Let c be 1/(-1 - 3/b). What is the tens digit of a(c)?
6
Let s(q) be the third derivative of -q**8/6720 + q**5/40 + 7*q**4/24 + 2*q**2. Let u(j) be the second derivative of s(j). What is the units digit of u(0)?
3
Suppose 0 = 5*r - 2*d + 29, 5*r - r + 31 = -d. Let q = r - -43. What is the tens digit of q?
3
Let o = -233 - -405. Let i be 5 + ((-6)/2 - -1). Suppose b = -i*b + o. What is the tens digit of b?
4
Suppose -25*m + 3920 = -1780. What is the units digit of m?
8
Let t = -50 - -149. Suppose -4*m + 233 - 55 = 2*c, c - t = -4*m. What is the tens digit of c?
7
Suppose -2*d - 1 = -7. Let i(o) be the second derivative of -o**5/20 + 5*o**4/12 - 2*o**3/3 + o**2 - 13*o. What is the units digit of i(d)?
8
Suppose -d + 56 = 2*c, -4*d + c + 313 = 44. Suppose -u - 27 = -4*x, 3*u + u = -5*x - d. Let g = u - -37. What is the tens digit of g?
1
Suppose 1964 = 4*k + o, 11*k = 9*k + 3*o + 982. What is the tens digit of k?
9
Let f(l) = -l**3 + 6*l**2 + 3*l + 1. Let m be f(-4). Suppose -4*s - 5*g = -1867, -5*s + 5*g + 0*g + 2390 = 0. Suppose m = -6*i + s. What is the tens digit of i?
5
Let m(o) = -41*o**3 + o**2 - 1. Let q be m(-1). Let x = -24 + q. Suppose x + 10 = 3*z. What is the units digit of z?
9
Let u(m) = m - 3. Let o be u(10). Suppose -2*b = 35 - o. Let w = b + 54. What is the units digit of w?
0
Let r(x) = 2*x**2 + 2*x + 1. Suppose l - 5 = 6*l. Let v be r(l). Suppose v = 3*u - 113. What is the tens digit of u?
3
Let j be (-3 - -2)/(4/12). Let y be 4/j*9/(-6). Suppose -w + 12 = y*g, 4*g - g - 11 = 2*w. What is the units digit of w?
2
What is the units digit of 7323/12 - (8 + (-35)/4)?
1
Let g = -20 + 36. Let n = g - 4. Suppose -m + 8 = -n. What is the units digit of m?
0
Suppose -3*i + 14 = 35. Let m(j) = -2*j**2 - 10*j - 6. Let a be m(i). Let q = a + 69. What is the units digit of q?
5
Let m(h) = -h**2 + 11*h + 7. Let p be 4 + 0 - -9*(-2)/(-6). What is the tens digit of m(p)?
3
Let u be ((-1328)/40)/((-1)/5). Let h = 366 - u. Suppose 15*x - h = 11*x. What is the units digit of x?
0
Suppose 2*o - 5*n = -o + 699, 2*o - 447 = -3*n. What is the units digit of o?
8
Let p(w) be the first derivative of -w**2 + 15*w - 1. Let r be p(5). Let x(y) = -y**3 + 7*y**2 - 6*y + 3. What is the tens digit of x(r)?
2
Let g(l) = -l**3 + 13*l**2 + 2*l - 13. Let x be g(13). What is the tens digit of 14/4*(53 - x)?
4
Suppose 12 - 26 = -7*v. Suppose 0*b + 5*b = 10. Suppose b*d = -3*c - v*d + 67, 2*d = -10. What is the units digit of c?
9
Let m(o) = -o - 12. Let j(w) = 3*w + 25. Let l(h) = 6*j(h) + 13*m(h). Let d = 7 + -1. What is the tens digit of l(d)?
2
Let g = -131 - -235. Suppose -44 = -4*b + g. Suppose 47 + b = 2*n. What is the units digit of n?
2
Suppose -1 + 0 = -k. Let r(x) = -x**3 - 4*x**2 - 4*x. Let u be r(-3). What is the units digit of k + -2 + u + 1?
3
Suppose 7*q = 345 + 166. Let w = 75 - q. What is the units digit of w?
2
Suppose 0 = 4*u + 4*y - 3*y - 37, 5*u - 62 = 4*y. Suppose 2600 = u*r + 620. What is the tens digit of r?
9
Let o = 48 + 46. Suppose 38 = -2*b + o. Let n = b + -15. What is the tens digit of n?
1
Let x = 22 + -4. Suppose -p + x = -30. Suppose -q = q - p. What is the tens digit of q?
2
Let q(s) be the first derivative of -5/2*s**2 - 20*s + 10. What is the units digit of q(-5)?
5
Let o be -10 + 3 - 6/(-2). Let l be 3*4/(-6) - o. Suppose -3*x + l*z - 34 = -97, -x - 4*z + 21 = 0. What is the units digit of x?
1
What is the thousands digit of (2 + 3101)/(-22 + 23)?
3
Let g be 0 - (-1)/2*4. Suppose 3*q = 5*y - 644, -6*y = -y + g*q - 654. Suppose -4*f + y = v, -3*v + 36 = f - v. What is the units digit of f?
2
Let x be -24 + -4 + 3 + 0. Let r = x - -49. What is the units digit of r?
4
Let o = 2162 + 112. What is the thousands digit of o?
2
Suppose -g + 0 = -3. Suppose 0 = -2*j + 3*x - 1 + 18, -g*x + 18 = 3*j. Let h = j + -1. What is the units digit of h?
6
Suppose -3*n + 976 = -2*s + 7*s, n = -4*s + 785. Let m 